e 15, what is -5 - 8?
-d
In base 10, what is -125 + -19?
-144
In base 15, what is -31 + -6?
-37
In base 10, what is 39 - -5?
44
In base 8, what is -5 - 5610?
-5615
In base 14, what is 4 + 25?
29
In base 10, what is -25 + 55?
30
In base 5, what is -3 - -102002?
101444
In base 3, what is -10001 + 1?
-10000
In base 7, what is -52 - -4?
-45
In base 8, what is 3 - -7?
12
In base 9, what is 7808 + -4?
7804
In base 9, what is -2208 - 0?
-2208
In base 13, what is -3 - -542?
53c
In base 16, what is 3 - 27?
-24
In base 7, what is 4 - 3?
1
In base 13, what is -793 + 7?
-789
In base 3, what is 22 + -11102?
-11010
In base 6, what is 5353 + -2?
5351
In base 7, what is 141 + 2?
143
In base 10, what is 8 + 10?
18
In base 13, what is -44 - 13?
-57
In base 14, what is 15b - 3?
158
In base 5, what is -31141 - -2?
-31134
In base 2, what is 1101 - -110100110?
110110011
In base 8, what is -11 + 10?
-1
In base 3, what is 10221 + 10?
11001
In base 15, what is -2 - 211?
-213
In base 6, what is 3 + 55205?
55212
In base 10, what is 25 + 1210?
1235
In base 10, what is 9839 - 2?
9837
In base 7, what is 4512 - -5?
4520
In base 3, what is 12020 - 0?
12020
In base 4, what is 12 + 2032?
2110
In base 13, what is -253 + 3?
-250
In base 5, what is 31 + 10?
41
In base 11, what is 441 + 7?
448
In base 6, what is -4 + -1152?
-1200
In base 4, what is 21 - -113110?
113131
In base 7, what is 3 - -1?
4
In base 15, what is -29 + 22?
-7
In base 7, what is 3555 - -1?
3556
In base 14, what is 347 - -2?
349
In base 4, what is -1 - 23032?
-23033
In base 3, what is -21201 - 21?
-21222
In base 15, what is -127d + -5?
-1283
In base 4, what is 10 - -13213?
13223
In base 13, what is -2 + -6a?
-6c
In base 12, what is 2aa - 1?
2a9
In base 3, what is 121 - 122?
-1
In base 5, what is -24 - 1004?
-1033
In base 7, what is 4 + -122?
-115
In base 4, what is -3002 + -111?
-3113
In base 4, what is -1002300 + -2?
-1002302
In base 6, what is -424 + 3?
-421
In base 5, what is -12 + -113?
-130
In base 11, what is -2 - -2008?
2006
In base 6, what is -12 + 1055?
1043
In base 8, what is -4 - -315?
311
In base 16, what is -2 - -40?
3e
In base 12, what is -5 - -89?
84
In base 7, what is -23 + -2302?
-2325
In base 11, what is -3 + 3405?
3402
In base 12, what is 8b2 + 1?
8b3
In base 16, what is 59 + -15?
44
In base 7, what is -224 + -2?
-226
In base 7, what is -5 + -605?
-613
In base 14, what is -1b - 3b6?
-3d3
In base 7, what is 155 - 5?
150
In base 2, what is 11 + -11111100?
-11111001
In base 11, what is 214a + -1?
2149
In base 6, what is 4 + 555?
1003
In base 7, what is -11505 - 6?
-11514
In base 5, what is -10 + -2024?
-2034
In base 5, what is 31 + 32?
113
In base 6, what is -13424 + -10?
-13434
In base 15, what is 14 - 381?
-36c
In base 12, what is 1 - 608?
-607
In base 14, what is 257 + 5?
25c
In base 10, what is 46 - 9?
37
In base 8, what is -2 + -575?
-577
In base 11, what is 61 - -4?
65
In base 7, what is 12 - -160?
202
In base 9, what is 33 + -418?
-375
In base 15, what is -2 + 26?
24
In base 3, what is 101212202 + -2?
101212200
In base 8, what is -660 - 1?
-661
In base 2, what is -101 - 1010?
-1111
In base 14, what is -2692 - 7?
-2699
In base 7, what is -114 + -15?
-132
In base 4, what is -100 - -133?
33
In base 10, what is -1 + -32?
-33
In base 8, what is -2414 + 5?
-2407
In base 12, what is 774 - 5?
76b
In base 5, what is 34 + -40?
-1
In base 5, what is -321 + 22?
-244
In base 10, what is -1 - -29?
28
In base 3, what is -1100021 + -2?
-1100100
In base 14, what is 1 - 9?
-8
In base 9, what is -31 + -8?
-40
In base 6, what is 31 + -4?
23
In base 4, what is -21220 - -2?
-21212
In base 5, what is 13 + -1034?
-1021
In base 7, what is -10 - 51?
-61
In base 15, what is a + b4?
be
In base 10, what is 13 - -8?
21
In base 4, what is -301 + 1002?
101
In base 7, what is -523 - 0?
-523
In base 10, what is 358 + 4?
362
In base 7, what is -11 - -2?
-6
In base 6, what is -25 - -1220?
1151
In base 3, what is -210000 + 11?
-202212
In base 4, what is 122 - 2001?
-1213
In base 7, what is 3 - 15?
-12
In base 15, what is -69 - 5?
-6e
In base 3, what is 12 + -200111?
-200022
In base 5, what is 0 + -2?
-2
In base 11, what is -2a - a?
-39
In base 11, what is -5 + -87?
-91
In base 8, what is -3 + -2672?
-2675
In base 10, what is -748 - -4?
-744
In base 4, what is -3 + -2?
-11
In base 13, what is 21 + -1?
20
In base 12, what is 5 + -2159?
-2154
In base 13, what is -5 + 30?
28
In base 3, what is -111100 - -22?
-111001
In base 12, what is 26 + -3?
23
In base 8, what is 113 + 4?
117
In base 8, what is 1 - -54?
55
In base 8, what is 14 - 22?
-6
In base 5, what is -32 - -4?
-23
In base 6, what is 24 - -3?
31
In base 6, what is 0 - -1013?
1013
In base 7, what is 2 - -330?
332
In base 3, what is 11 + -1020100?
-1020012
In base 5, what is -1 - -3?
2
In base 8, what is 223 + -10?
213
In base 8, what is 1235 + 5?
1242
In base 6, what is 1012 - 5?
1003
In base 15, what is -4 + 10cc?
10c8
In base 3, what is -2120 + 1?
-2112
In base 8, what is 343 + -2?
341
In base 7, what is -1 - 26336?
-26340
In base 14, what is 5 - -268?
26d
In base 16, what is 5a - -4?
5e
In base 6, what is 1 + 45?
50
In base 2, what is 10 + 10100000011?
10100000101
In base 16, what is 120 - 1?
11f
In base 13, what is 5 + -13?
-b
In base 16, what is -9 - 79?
-82
In base 7, what is 15251 - -5?
15256
In base 6, what is -2250 - -2?
-2244
In base 13, what is 86 - -5?
8b
In base 16, what is -1a + e?
-c
In base 12, what is -4b + -2?
-51
In base 2, what is -1110 + 10?
-1100
In base 8, what is 107 - 7?
100
In base 3, what is 22020 - 2?
22011
In base 7, what is -452 - -103?
-346
In base 5, what is 0 + 243?
243
In base 13, what is -764 + -4?
-768
In base 10, what is -277 - 18?
-295
In base 5, what is 1333 + -1?
1332
In base 5, what is 104 - 3?
101
In base 9, what is 3437 - -2?
3440
In base 15, what is 3 - -a8?
ab
In base 9, what is -10 - -40?
30
In base 7, what is -11 + 31?
20
In base 11, what is -1715 + 3?
-1712
In base 2, what is 1111111 - -1?
10000000
In base 16, what is 2 - -e7?
e9
In base 10, what is 35 + -371?
-336
In base 3, what is 1 + 2100011?
2100012
In base 5, what is 31323 - 10?
31313
In base 7, what is 2 + -666?
-664
In base 16, what is -1 - 3fa?
-3fb
In base 12, what is 5 + 55?
5a
In base 8, what is 703 + 0?
703
In base 15, what is 34 - -22?
56
In base 4, what is 2232 + -130?
2102
In base 12, what is -5 - -128?
123
In base 9, what is -30 + 38?
8
In base 8, what is -5 - 2245?
-2252
In base 16, what is b - 23?
-18
In base 12, what is 4 + 55?
59
In base 16, what is 15 - -3?
18
In base 11, what is 2 + -59?
-57
In base 16, what is 652 - -5?
657
In base 14, what is b875 - 1?
b874
In base 14, what is 4 - 258?
-254
In base 16, what is -4 + -197e?
-1982
In base 16, what is -17d1 + 2?
-17cf
In base 2, what is -1110100110 + -100?
-1110101010
In base 10, what is -142 + -3?
-145
In base 13, what is 23 - 7?
19
In base 4, what is 2 + 101?
103
In base 14, what is -3 + -1120?
-1123
In base 14, what is -59 + -9?
-64
In base 2, what is -11010001 - 101?
-11010110
In base 16, what is 54 - 6?
4e
In base 10, what is 102 + 2?
104
In base 14, what is -39 + 0?
-39
In base 12, what is -4 - -324?
320
In base 2, what is -101000 - -100?
-100100
In base 10, what is 5 + -31?
-26
In base 4, what is -123 - 201?
-330
In base 3, what is 22212001 - 1?
22212000
In base 12, what is -32a2 + -5?
-32a7
In base 6, what is -4 + 2403?
2355
In base 8, what is -675 - 23?
-720
In base 8, what is 1 - -243?
244
In base 4, what is 121 - -1?
122
In base 5, what is -44 - 2?
-101
In base 13, what is -2a0 + 2?
-29b
In base 14, what is 3 + -7d7?
-7d4
In base 3, what is -2021102 - -12?
-2021020
In base 13, what is -9 - 11?
-1a
In base 13, what is 0 - -1861?
1861
In base 3, what is 0 + -2002122?
-2002122
In base 12, what is 5 + 46?
4b
In base 9, what is -306 - 2?
-308
In base 4, what is 2 + -112?
-110
In base 15, what is 157 - 1?
156
In base 5, what is 1 + -4?
-3
In base 13, what is -22 - -9?
-16
In base 14, what is -12d - 13?
-142
In base 15, what is 12e - 14?
11a
In base 15, what is -3 + -2c?
-30
In base 15, what is 3d5 - 1?
3d4
In base 14, what is -992 - -2?
-990
In base 2, what is -1001 + 11111010?
11110001
In base 6, what is -133 + -4?
-141
In base 9, what is -627 + 3?
-624
In base 16, what is 1a + -238?
-21e
In bas